*2 - 7*y + 220. Give p(31).
3
Let r(q) = q + 5. What is r(0)?
5
Let y(j) = j**3 - 12*j**2 - 15*j + 12. Determine y(13).
-14
Let b(u) = -u**3 + 4*u**2 + 9*u - 1. Determine b(6).
-19
Let c(w) = -6*w + 2. Give c(2).
-10
Let t(l) = -l**2 - 24*l - 63. Determine t(-20).
17
Let f(m) = 4*m**3 - 4*m**2 + 2*m + 2. What is f(2)?
22
Let s(a) = -a**2 + 4*a. What is s(4)?
0
Let r(b) = -b**3 - 7*b**2 - 4*b + 3. Determine r(-7).
31
Let z(l) = -l**3 + 4*l**2 - 6*l + 5. Give z(4).
-19
Let l(v) = -v**3 - 6*v**2 + 16*v + 9. Determine l(-8).
9
Let w(q) = q + 14. Determine w(-9).
5
Let j(b) = 4*b**2 - 10*b - 12. Calculate j(5).
38
Let g(b) = 2*b**3 - 5*b - 4. Determine g(-3).
-43
Let z(m) = -m**2 - 3*m + 3. What is z(-4)?
-1
Let f(a) = -a**2 + a + 31. What is f(-6)?
-11
Let q(j) = j + 10. Give q(-4).
6
Let c(g) = g**2 - 19*g - 121. Calculate c(25).
29
Let m(g) = g**3 + 11*g**2 - 52*g - 1. Determine m(5).
139
Let p(r) = -r**2 + r. Give p(-2).
-6
Let b(p) = -p**3 + 10*p**2 + 41*p - 27. Give b(13).
-1
Let r(m) = -10*m + 15. Determine r(3).
-15
Let g(w) = -10*w + 1. Give g(3).
-29
Let c(s) = 4*s + 6. What is c(-5)?
-14
Let a(r) = r**3 - 70*r**2 + 138*r - 139. Calculate a(68).
-3
Let j(u) = u**3 + 11*u**2 + 31*u - 7. Determine j(-6).
-13
Let i(k) = -k**3 - 3*k**2 + 2*k - 22. Give i(-5).
18
Let f(s) = 6*s - 1. Determine f(3).
17
Let t(i) = -44*i - 439. Give t(-10).
1
Let i(z) = z**2 - 4*z + 7. Calculate i(0).
7
Let w(c) = -c**3 + 16*c**2 - 13*c + 14. Give w(15).
44
Let f(z) = 10*z. Give f(-5).
-50
Let w(a) = a**3 + 6*a**2 + 14. Determine w(-6).
14
Let c(q) = q - 22. What is c(11)?
-11
Let c(y) = -14*y + 16. Give c(0).
16
Let t(a) = 8*a + 21. What is t(-9)?
-51
Let y(w) = w**3 - 8*w**2 + 9*w - 7. Give y(7).
7
Let x(u) = u**3 - 6*u**2 - 5*u + 24. Calculate x(6).
-6
Let t(g) = g**3 - 15*g**2 - 54*g + 4. Determine t(18).
4
Let k(l) = -135*l + 397. Calculate k(3).
-8
Let t(d) = 10*d + 3. Determine t(-1).
-7
Let b(d) = -d**2 - 19*d - 80. What is b(-13)?
-2
Let i(l) = -4*l**2 - 6*l + 9. Determine i(-4).
-31
Let w(p) = p + 16. Determine w(-12).
4
Let v(w) = -w**3 - 9*w**2 - 2*w + 7. Give v(-7).
-77
Let a(k) = k**2 + k + 2. What is a(-4)?
14
Let m(s) = s**2 - 3*s + 4. What is m(8)?
44
Let m(q) = -6*q**3 - 5*q**2 + 3*q + 3. What is m(2)?
-59
Let y(z) = -z + 27. What is y(19)?
8
Let z(f) = -f**3 + 7*f**2 + 3*f + 2. Give z(7).
23
Let z(h) = 2*h**3 + h**2 - 3*h - 1. Calculate z(-2).
-7
Let c(a) = -a**2 - 4*a - 7. Calculate c(-7).
-28
Let w(n) = -3*n - 44. What is w(-14)?
-2
Let t(s) = 10*s**2 - 93*s + 22. What is t(9)?
-5
Let i(k) = -k + 5. Calculate i(-5).
10
Let g(u) = -6*u + 154. Give g(31).
-32
Let f(m) = 7*m + 7. What is f(-6)?
-35
Let p(o) = o**2 + 3*o - 2. What is p(-5)?
8
Let o(d) = -d**2 + 28*d - 110. Calculate o(24).
-14
Let i(w) = w + 1. What is i(-3)?
-2
Let n(p) = 2*p + 80. What is n(-40)?
0
Let s(f) = -f**3 - f**2 + f + 11. Determine s(0).
11
Let c(v) = v**3 + 38*v**2 + 74*v + 86. Calculate c(-36).
14
Let m(i) = -i**3 - 6*i**2 - 2*i + 8. Determine m(-6).
20
Let m(i) = -i**3 - 3*i**2 + 5*i - 2. Calculate m(3).
-41
Let z(c) = -8*c - 11. Give z(0).
-11
Let c(m) = -5*m**2 - m - 1. Give c(-1).
-5
Let l(t) = -t + 7. Calculate l(12).
-5
Let y(d) = 3*d**3 + 2*d**2 - d + 15. What is y(-4)?
-141
Let z(r) = -4*r - 13. Calculate z(-6).
11
Let p(n) = n**2 - 14*n - 2. Determine p(6).
-50
Let o(a) = -a**3 + 2*a**2 + 4*a + 8. What is o(0)?
8
Let v(s) = -s**3 + 4*s**2 - 2*s - 7. What is v(4)?
-15
Let j(h) = 11*h**2 + 6*h - 2. What is j(-1)?
3
Let a(z) = 24*z - 1. Give a(1).
23
Let d(n) = 2*n**3 + 53*n**2 - 28*n - 24. Give d(-27).
3
Let x(v) = 6*v - 10. Give x(4).
14
Let g(h) = 4*h + 77. Calculate g(-14).
21
Let z(a) = 7*a**2 + 11*a + 2. Determine z(-3).
32
Let c(f) = -f + 14. What is c(-6)?
20
Let i(j) = j**3 + 2*j**2 - 4*j - 1. Determine i(-2).
7
Let t(x) = -2*x - 1. Calculate t(2).
-5
Let u(z) = 3*z - 26. Give u(-8).
-50
Let i(v) = v**3 - 6*v**2 + 6*v - 16. Determine i(6).
20
Let t(q) = 6*q - 4. Determine t(8).
44
Let t(f) = 6*f + 37. Determine t(-7).
-5
Let w(k) = 62*k + 248. What is w(-4)?
0
Let f(x) = 2*x**2 - 11*x - 13. What is f(7)?
8
Let r(i) = 9*i**3 - 5*i**2 + 4*i. Determine r(1).
8
Let i(h) = h + 14. What is i(-8)?
6
Let d(s) = s**2 + 15*s + 14. Determine d(-13).
-12
Let y(a) = a**3 - 3*a**2 + 2. Determine y(5).
52
Let y(v) = -14*v + 1. What is y(5)?
-69
Let q(j) = -j**2 + 7*j + 26. Determine q(9).
8
Let g(s) = -s**3 + 5*s**2 + 6*s. What is g(6)?
0
Let i(w) = 3*w - 18. Determine i(-36).
-126
Let j(g) = -g**3 - 17*g**2 - 16*g - 33. Calculate j(-16).
-33
Let w(k) = -k + 22. Calculate w(11).
11
Let c(i) = 24*i + 211. Determine c(-7).
43
Let s(q) = 30*q + 209. Calculate s(-6).
29
Let g(w) = w**3 - 19*w**2 - 22*w + 50. Give g(20).
10
Let z(k) = -k**3 - 9*k**2 - 12*k + 12. Give z(-7).
-2
Let l(v) = -v**3 - 7*v**2 - 10*v - 28. Calculate l(-6).
-4
Let f(l) = 19*l + 209. What is f(-11)?
0
Let d(h) = h**2 - 13*h + 33. Calculate d(9).
-3
Let p(i) = -i**3 + 31*i**2 - 87*i + 91. Give p(28).
7
Let a(r) = r**3 - 8*r**2 - 10. What is a(0)?
-10
Let b(f) = f**2 - 13*f - 24. Calculate b(-5).
66
Let d(x) = -x**2 + 18*x - 32. What is d(10)?
48
Let w(z) = -z**3 - z**2 + 3*z - 13. Calculate w(-3).
-4
Let k(m) = -m**3 + 11*m**2 - 39*m + 428. What is k(11)?
-1
Let d(b) = -9*b**3 - 4*b + 5. What is d(1)?
-8
Let t(x) = 2*x**2 - 5*x - 1. Determine t(3).
2
Let t(j) = 3*j**3 - 3*j**2 + 9*j - 12. Calculate t(3).
69
Let s(h) = h**3 + 19*h**2 + 35*h + 20. What is s(-17)?
3
Let j(b) = b**2 - 12*b - 8. Calculate j(15).
37
Let y(k) = 3*k**2 - 3*k - 3. What is y(4)?
33
Let k(a) = -a**3 - a - 27. Give k(0).
-27
Let j(o) = 5*o**2 - 36*o - 7. Calculate j(7).
-14
Let b(n) = n + 21. Give b(-10).
11
Let i(s) = s - 4. Calculate i(4).
0
Let s(z) = -z**3 - 11*z**2 + 4*z + 24. Give s(-11).
-20
Let q(d) = 2*d - 2. What is q(-2)?
-6
Let t(c) = -2*c**2 + 10*c + 15. Give t(9).
-57
Let g(b) = -b**2 - 22*b - 23. Determine g(-17).
62
Let c(y) = 49*y**2 + 4*y - 5. Give c(1).
48
Let r(o) = -o**3 - 14*o**2 - o - 13. Determine r(-14).
1
Let h(w) = -w**3 - 14*w**2 - 2*w - 27. Calculate h(-14).
1
Let d(g) = 8*g**3 + g**2 - 4*g - 6. Determine d(-2).
-58
Let r(v) = -2*v**2 - 9*v - 10. Calculate r(-4).
-6
Let r(q) = 11*q - 4. Determine r(-3).
-37
Let k(s) = -11*s + 11. Give k(4).
-33
Let v(h) = h + 1. What is v(0)?
1
Let x(k) = 6*k. Determine x(-2).
-12
Let l(p) = -3*p**3 - 7*p**2 + 3*p + 3. What is l(-3)?
12
Let u(c) = c**3 + 20*c**2 + 40*c + 51. Give u(-18).
-21
Let a(g) = -g**3 + 11*g**2 + 14*g - 45. Give a(12).
-21
Let s(q) = -q**3 + q**2 + 10*q - 16. Determine s(3).
-4
Let m(n) = 24*n - 12. Calculate m(3).
60
Let y(r) = r**3 + 8*r**2 + 6*r + 4. Determine y(-8).
-44
Let w(x) = x**3 - 6*x**2 + 8*x - 11. What is w(6)?
37
Let k(y) = y**2 - 29*y - 134. What is k(33)?
-2
Let i(h) = 2*h**2 + 88*h - 19. Calculate i(-44).
-19
Let p(n) = -3*n**2 + 6. What is p(2)?
-6
Let t(q) = 3*q - 127. Determine t(42).
-1
Let d(p) = p**3 + 7*p**2 - 47*p - 28. Determine d(-11).
5
Let b(o) = -o + 2. What is b(-3)?
5
Let l(j) = 2*j - 11. Determine l(9).
7
Let q(l) = l**3 - 6*l**2 - 5*l - 13. Give q(7).
1
Let v(x) = x**2 + 2*x + 5. Determine v(-3).
8
Let y(q) = 9*q**2 - q - 1. Determine y(2).
33
Let d(r) = -r**2 + 9*r - 20. Calculate d(7).
-6
Let l(a) = -a**2 - 28*a - 132. Calculate l(-6).
0
Let k(w) = -2*w**2 - 10*w. What is k(-7)?
-28
Let n(v) = v**2 - 7*v - 6. What is n(7)?
-6
Let k(c) = c - 2. Determine k(-5).
-7
Let q(g) = 5*g. What is q(-1)?
-5
Let d(k) = -4*k**3 - 3*k**2 - 3*k - 3. Determine d(-2).
23
Let i(b) = b**3 + 5*b**2 - 9*b - 6. Give i(-6).
12
Let t(a) = 3*a - 16. Calculate t(4).
-4
Let x(k) = -3*k - 24. What is x(-8)?
0
Let h(m) = -10*m**3 - m**2 - m - 1. Give h(-1).
9
Let a(u) = u**3 + 6*u**2 + 2*u - 17. Calculate a(-5).
-2
Let t(z) = z + 92. Give t(-40).
52
Let q(l) = l**3 - 11*l**2 - 8*l + 12. Calculate q(11).
-76
Let u(v) = v**3 + 3*v**2 - 3*v - 7. What is u(-4)?
-11
Let o(h) = -2*h - 10. What is o(0)?
-10
Let l(o) = 7*o - 169. Determine l(24).
-1
Let h(t) = -2*t + 10. Give h(-7).
24
Let m(p) = -p**2 - 21*p + 40. Calculate m(-23).
-6
Let y(c) = -c**3 - 15*c**2 - 15*c - 14. Calculate y(-14).
0
Let s(n) = -29*n + 51. Give s(2).
-7
Let r(m) = 21*m - 164. What is r(8)?
4
Let s(t) = -24*t + 1224. Calculate s(51).
0
Let c(w) = 2*w**2 + 3*w -